 when 1159 is divided by 40.
39
Calculate the remainder when 981 is divided by 73.
32
Calculate the remainder when 178 is divided by 37.
30
What is the remainder when 277 is divided by 57?
49
Calculate the remainder when 94 is divided by 7.
3
Calculate the remainder when 1051 is divided by 34.
31
Calculate the remainder when 484 is divided by 125.
109
What is the remainder when 2604 is divided by 38?
20
Calculate the remainder when 1055 is divided by 1041.
14
Calculate the remainder when 4796 is divided by 160.
156
Calculate the remainder when 322 is divided by 72.
34
What is the remainder when 308 is divided by 69?
32
What is the remainder when 481 is divided by 159?
4
Calculate the remainder when 849 is divided by 62.
43
Calculate the remainder when 145 is divided by 15.
10
What is the remainder when 1377 is divided by 200?
177
Calculate the remainder when 110 is divided by 8.
6
Calculate the remainder when 1579 is divided by 114.
97
Calculate the remainder when 305 is divided by 153.
152
Calculate the remainder when 3991 is divided by 121.
119
What is the remainder when 53 is divided by 53?
0
Calculate the remainder when 480 is divided by 18.
12
Calculate the remainder when 29 is divided by 11.
7
Calculate the remainder when 6332 is divided by 22.
18
Calculate the remainder when 572 is divided by 32.
28
What is the remainder when 809 is divided by 25?
9
Calculate the remainder when 1933 is divided by 162.
151
What is the remainder when 58 is divided by 39?
19
What is the remainder when 94 is divided by 25?
19
Calculate the remainder when 74 is divided by 7.
4
Calculate the remainder when 25 is divided by 13.
12
What is the remainder when 31 is divided by 8?
7
What is the remainder when 115 is divided by 13?
11
Calculate the remainder when 93 is divided by 61.
32
Calculate the remainder when 308 is divided by 301.
7
What is the remainder when 59 is divided by 27?
5
Calculate the remainder when 22765 is divided by 16.
13
What is the remainder when 8866 is divided by 49?
46
What is the remainder when 38 is divided by 31?
7
Calculate the remainder when 59 is divided by 15.
14
What is the remainder when 538 is divided by 5?
3
What is the remainder when 517 is divided by 256?
5
Calculate the remainder when 115 is divided by 115.
0
Calculate the remainder when 1044 is divided by 55.
54
What is the remainder when 984 is divided by 13?
9
What is the remainder when 112 is divided by 31?
19
Calculate the remainder when 126 is divided by 83.
43
Calculate the remainder when 811 is divided by 22.
19
What is the remainder when 93 is divided by 84?
9
What is the remainder when 84 is divided by 29?
26
Calculate the remainder when 163 is divided by 43.
34
What is the remainder when 64 is divided by 17?
13
Calculate the remainder when 73 is divided by 11.
7
Calculate the remainder when 225 is divided by 57.
54
What is the remainder when 193 is divided by 7?
4
Calculate the remainder when 149 is divided by 33.
17
What is the remainder when 31599 is divided by 100?
99
Calculate the remainder when 84 is divided by 15.
9
Calculate the remainder when 2739 is divided by 97.
23
Calculate the remainder when 8247 is divided by 24.
15
What is the remainder when 5423 is divided by 209?
198
What is the remainder when 686 is divided by 102?
74
Calculate the remainder when 2492 is divided by 277.
276
What is the remainder when 1219 is divided by 428?
363
Calculate the remainder when 658 is divided by 595.
63
Calculate the remainder when 268 is divided by 16.
12
What is the remainder when 75 is divided by 22?
9
What is the remainder when 148 is divided by 41?
25
What is the remainder when 2046 is divided by 19?
13
What is the remainder when 307 is divided by 52?
47
What is the remainder when 597 is divided by 43?
38
What is the remainder when 1395 is divided by 460?
15
Calculate the remainder when 80 is divided by 42.
38
What is the remainder when 125 is divided by 74?
51
Calculate the remainder when 2525 is divided by 98.
75
Calculate the remainder when 38 is divided by 13.
12
Calculate the remainder when 386 is divided by 80.
66
Calculate the remainder when 405 is divided by 134.
3
Calculate the remainder when 3632 is divided by 12.
8
Calculate the remainder when 63 is divided by 13.
11
What is the remainder when 120 is divided by 68?
52
What is the remainder when 1516 is divided by 39?
34
What is the remainder when 1486 is divided by 253?
221
What is the remainder when 46858 is divided by 11?
9
Calculate the remainder when 44 is divided by 38.
6
What is the remainder when 92 is divided by 49?
43
Calculate the remainder when 7610 is divided by 23.
20
What is the remainder when 165 is divided by 39?
9
Calculate the remainder when 88 is divided by 9.
7
Calculate the remainder when 30 is divided by 7.
2
Calculate the remainder when 1576 is divided by 174.
10
What is the remainder when 528 is divided by 176?
0
Calculate the remainder when 16420 is divided by 4105.
0
Calculate the remainder when 237 is divided by 103.
31
Calculate the remainder when 2375 is divided by 58.
55
What is the remainder when 5941 is divided by 29?
25
Calculate the remainder when 8690 is divided by 53.
51
What is the remainder when 824 is divided by 36?
32
Calculate the remainder when 540 is divided by 72.
36
What is the remainder when 333 is divided by 57?
48
Calculate the remainder when 4967 is divided by 27.
26
Calculate the remainder when 39 is divided by 22.
17
Calculate the remainder when 1327 is divided by 83.
82
Calculate the remainder when 100 is divided by 19.
5
Calculate the remainder when 207 is divided by 38.
17
What is the remainder when 746 is divided by 244?
14
What is the remainder when 438 is divided by 139?
21
Calculate the remainder when 702 is divided by 171.
18
Calculate the remainder when 151 is divided by 46.
13
Calculate the remainder when 390 is divided by 56.
54
What is the remainder when 349 is divided by 92?
73
Calculate the remainder when 200 is divided by 93.
14
What is the remainder when 6670 is divided by 126?
118
Calculate the remainder when 304 is divided by 97.
13
What is the remainder when 885 is divided by 37?
34
Calculate the remainder when 2231 is divided by 93.
92
Calculate the remainder when 111 is divided by 38.
35
Calculate the remainder when 782 is divided by 385.
12
Calculate the remainder when 130 is divided by 17.
11
What is the remainder when 158 is divided by 57?
44
What is the remainder when 1742 is divided by 123?
20
What is the remainder when 9686 is divided by 34?
30
What is the remainder when 34 is divided by 7?
6
Calculate the remainder when 4365 is divided by 257.
253
What is the remainder when 77 is divided by 29?
19
What is the remainder when 38 is divided by 15?
8
What is the remainder when 3 is divided by 3?
0
What is the remainder when 248 is divided by 25?
23
Calculate the remainder when 227 is divided by 214.
13
What is the remainder when 17975 is divided by 12?
11
What is the remainder when 25 is divided by 8?
1
What is the remainder when 28043 is divided by 41?
40
Calculate the remainder when 3691 is divided by 86.
79
Calculate the remainder when 2318 is divided by 259.
246
Calculate the remainder when 897 is divided by 25.
22
What is the remainder when 1355 is divided by 56?
11
Calculate the remainder when 548 is divided by 52.
28
What is the remainder when 217 is divided by 22?
19
Calculate the remainder when 140 is divided by 26.
10
What is the remainder when 2213 is divided by 184?
5
What is the remainder when 736 is divided by 367?
2
Calculate the remainder when 179 is divided by 99.
80
What is the remainder when 147 is divided by 97?
50
Calculate the remainder when 374 is divided by 172.
30
Calculate the remainder when 1289 is divided by 140.
29
Calculate the remainder when 84 is divided by 43.
41
What is the remainder when 229 is divided by 59?
52
What is the remainder when 3118 is divided by 80?
78
What is the remainder when 154 is divided by 43?
25
What is the remainder when 1055 is divided by 33?
32
Calculate the remainder when 133 is divided by 34.
31
Calculate the remainder when 1100 is divided by 40.
20
Calculate the remainder when 873 is divided by 51.
6
What is the remainder when 61 is divided by 17?
10
What is the r